or of 121 and 80?
1
Calculate the greatest common factor of 339 and 565.
113
Calculate the highest common divisor of 884 and 52.
52
Calculate the highest common factor of 18 and 63.
9
Calculate the highest common factor of 1357 and 46.
23
Calculate the greatest common factor of 2 and 1346.
2
What is the highest common factor of 708 and 12?
12
What is the highest common factor of 738 and 36?
18
What is the greatest common divisor of 600 and 264?
24
Calculate the highest common divisor of 112 and 112.
112
Calculate the greatest common factor of 3956 and 184.
92
Calculate the greatest common factor of 30 and 216.
6
What is the highest common factor of 9 and 144?
9
Calculate the greatest common factor of 21 and 693.
21
Calculate the greatest common divisor of 180 and 20.
20
What is the highest common factor of 13 and 11479?
13
Calculate the highest common factor of 163 and 19.
1
What is the highest common divisor of 1089 and 9?
9
Calculate the highest common divisor of 259 and 28.
7
What is the highest common divisor of 165 and 1860?
15
Calculate the greatest common factor of 7 and 560.
7
Calculate the highest common factor of 629 and 153.
17
Calculate the greatest common divisor of 129 and 48.
3
What is the greatest common divisor of 100 and 160?
20
Calculate the greatest common factor of 370 and 74.
74
Calculate the greatest common divisor of 2980 and 20.
20
What is the greatest common factor of 318 and 2438?
106
What is the greatest common divisor of 242 and 11?
11
Calculate the greatest common factor of 14425 and 25.
25
What is the greatest common factor of 915 and 15?
15
What is the greatest common divisor of 65 and 35?
5
Calculate the greatest common factor of 335 and 134.
67
Calculate the greatest common factor of 37 and 3737.
37
What is the highest common divisor of 464 and 32?
16
What is the highest common divisor of 18 and 786?
6
Calculate the greatest common divisor of 154 and 3136.
14
Calculate the highest common divisor of 308 and 140.
28
Calculate the highest common divisor of 3873 and 6.
3
What is the highest common factor of 100 and 225?
25
What is the highest common factor of 11 and 209?
11
What is the highest common factor of 126 and 9?
9
What is the highest common divisor of 225 and 360?
45
Calculate the highest common divisor of 16 and 524.
4
What is the highest common divisor of 26 and 299?
13
What is the highest common factor of 3 and 1?
1
Calculate the greatest common factor of 8 and 128.
8
What is the highest common divisor of 1593 and 351?
27
What is the highest common divisor of 152 and 112?
8
What is the highest common factor of 187 and 204?
17
What is the highest common factor of 777 and 231?
21
What is the highest common factor of 40 and 25?
5
Calculate the highest common divisor of 7047 and 108.
27
Calculate the highest common factor of 56657 and 53.
53
What is the highest common divisor of 5912 and 8?
8
What is the greatest common factor of 21 and 6?
3
What is the greatest common factor of 3318 and 84?
42
Calculate the greatest common divisor of 121 and 77.
11
What is the greatest common factor of 128 and 232?
8
Calculate the highest common divisor of 17 and 6103.
17
Calculate the highest common factor of 1334 and 87.
29
Calculate the greatest common divisor of 242 and 66.
22
What is the highest common factor of 52130 and 260?
130
Calculate the greatest common divisor of 7 and 7.
7
What is the greatest common divisor of 423 and 27?
9
What is the greatest common factor of 12592 and 32?
16
What is the highest common divisor of 29 and 14239?
29
What is the highest common divisor of 260 and 104?
52
Calculate the greatest common divisor of 65 and 52.
13
Calculate the greatest common divisor of 50 and 950.
50
Calculate the highest common divisor of 245 and 175.
35
Calculate the greatest common divisor of 23359 and 141.
47
What is the highest common factor of 1081 and 23?
23
What is the greatest common factor of 315 and 1715?
35
What is the highest common divisor of 816 and 72?
24
Calculate the greatest common divisor of 450 and 1980.
90
Calculate the greatest common divisor of 615 and 246.
123
Calculate the greatest common divisor of 3841 and 1837.
167
Calculate the highest common divisor of 105 and 1965.
15
Calculate the highest common divisor of 424 and 318.
106
Calculate the highest common divisor of 46075 and 97.
97
Calculate the greatest common divisor of 196 and 20972.
196
What is the greatest common factor of 168 and 1036?
28
What is the greatest common divisor of 27 and 27?
27
Calculate the greatest common divisor of 9 and 531.
9
Calculate the highest common factor of 24 and 78.
6
What is the greatest common divisor of 2 and 5462?
2
Calculate the greatest common divisor of 5200 and 25.
25
What is the greatest common divisor of 1617 and 33?
33
What is the highest common divisor of 1720 and 16168?
344
Calculate the greatest common divisor of 100 and 575.
25
What is the highest common factor of 875 and 35?
35
Calculate the highest common factor of 35205 and 15.
15
Calculate the greatest common factor of 2394 and 18.
18
What is the highest common factor of 135 and 10?
5
Calculate the greatest common divisor of 950 and 50.
50
What is the highest common divisor of 3180 and 360?
60
Calculate the greatest common divisor of 6 and 9306.
6
What is the greatest common factor of 26 and 585?
13
Calculate the highest common factor of 8 and 72.
8
Calculate the greatest common factor of 18 and 1.
1
Calculate the highest common factor of 945 and 35.
35
What is the highest common divisor of 948 and 48?
12
Calculate the greatest common divisor of 37 and 5587.
37
Calculate the highest common factor of 11 and 24761.
11
What is the greatest common divisor of 6528 and 32?
32
What is the highest common factor of 192 and 7104?
192
What is the highest common divisor of 34427 and 199?
199
Calculate the highest common divisor of 90 and 306.
18
What is the greatest common factor of 854 and 1952?
122
What is the greatest common factor of 28 and 322?
14
What is the highest common factor of 5718 and 6?
6
What is the greatest common factor of 17429 and 29?
29
Calculate the greatest common divisor of 8 and 2904.
8
Calculate the highest common divisor of 32 and 4192.
32
What is the greatest common divisor of 2847 and 104?
13
What is the highest common divisor of 64 and 708?
4
Calculate the greatest common divisor of 4777 and 68.
17
Calculate the greatest common factor of 72 and 60.
12
Calculate the greatest common factor of 60 and 108.
12
Calculate the greatest common divisor of 2665 and 41.
41
What is the highest common divisor of 98 and 112?
14
What is the highest common divisor of 8 and 152?
8
What is the greatest common factor of 11445 and 105?
105
Calculate the highest common factor of 6125 and 5.
5
What is the greatest common divisor of 1440 and 6?
6
Calculate the greatest common divisor of 9 and 59.
1
Calculate the highest common divisor of 41 and 369.
41
What is the greatest common factor of 1053 and 117?
117
What is the greatest common factor of 91 and 52?
13
Calculate the highest common factor of 205 and 10.
5
What is the greatest common divisor of 1764 and 49?
49
Calculate the highest common divisor of 112 and 7.
7
What is the greatest common factor of 1775 and 25?
25
Calculate the highest common factor of 6606 and 18.
18
Calculate the highest common divisor of 28 and 1694.
14
What is the greatest common divisor of 3 and 87?
3
Calculate the greatest common divisor of 79413 and 309.
309
What is the highest common factor of 65 and 4459?
13
What is the greatest common factor of 2067 and 583?
53
Calculate the highest common divisor of 760 and 2160.
40
What is the greatest common divisor of 5940 and 216?
108
Calculate the highest common divisor of 388 and 1649.
97
What is the greatest common factor of 66 and 891?
33
Calculate the highest common divisor of 27 and 13.
1
What is the highest common divisor of 4104 and 18?
18
Calculate the greatest common divisor of 30 and 180.
30
What is the greatest common factor of 13 and 7?
1
What is the greatest common divisor of 288 and 1424?
16
Calculate the greatest common factor of 8632 and 624.
104
Calculate the greatest common divisor of 378 and 42.
42
Calculate the greatest common factor of 584 and 